 - 16 = -3*a + 5*i, -2*a = -5*i - p. Let v(u) = 0 - 4*u**2 + 0 + a + 3*u**2 - 7*u. Give v(-6).
7
Let z(c) = -7*c**2 - 2*c + 6*c**2 + 4*c + c + 3 - 6 - c**3. Let q(g) = -g - 1 + g + g. Let r(j) = -2*q(j) + z(j). Give r(-2).
1
Let v(l) = -14*l + 18. Suppose 5*z + 1 = -4*u, 5*u + z - 40 + 15 = 0. Let i(s) = -12*s + 16. Let x(h) = u*i(h) - 5*v(h). Calculate x(11).
-16
Suppose -13*l - 15 = -14*l + 2*y, 5*l = -2*y + 27. Let d(f) = 6*f - 10. Let g be d(4). Let n(w) = -g + w + 21 - 15. What is n(l)?
-1
Let m(g) be the first derivative of g**4/4 + 35*g**3/3 + g + 5878. What is m(-35)?
1
Let j = 253 - 75. Suppose 18*t + 2 + j = 0. Let q(l) = -3*l + 5. What is q(t)?
35
Suppose 0 = -3*w + 5*r + 15, -3*w = 2*r - 57 + 21. Let p(q) = q**2 - 24*q + 135. Give p(w).
-5
Let j(s) = s**2 - 21*s + 46. Let p be j(19). Suppose -6*l + p + 10 = 0. Suppose l*w + w = 4. Let a(y) = -9*y**3 - 2*y + 1. Calculate a(w).
-10
Let m(z) = z + 8. Let q = 125 - 103. Suppose 155 = -q*v - 21. Calculate m(v).
0
Let z(j) be the second derivative of -j**3/6 + 11*j**2/2 - 9*j - 54. What is z(0)?
11
Suppose 43*j - 302*j = -1883 - 189. Let t(m) = -3*m**2 + 23*m + 16. Calculate t(j).
8
Let w(r) = -r**2 - 17*r + 7. Let g(y) = 11*y + 2*y - 20 + y**2 - 2*y + 4*y + 13. Let u(c) = 5*g(c) + 4*w(c). Determine u(-8).
1
Suppose -5*t + 5 = -0*t. Let x(g) = 8*g**2 - 3030 + 6191 - 3161. Determine x(t).
8
Let x(l) be the second derivative of -l**5/20 - l**4/3 + l**3/2 + 478*l. Calculate x(2).
-18
Let h(w) = w**3 + 3*w**2 - 2*w - 9. Let s be 55/11*6/(-10). Let g be h(s). Let t(k) be the first derivative of -k**3/3 + 3*k**2/2 - 3*k - 10. Give t(g).
-21
Let d = -264004 - -264007. Let c(h) be the second derivative of -h**5/20 + h**4/6 - 3*h**2/2 - h. Determine c(d).
-12
Let w(f) be the third derivative of f**6/120 - f**5/20 - 13*f**4/24 - 5*f**3/6 - 877*f**2. What is w(6)?
25
Let z = -60517 + 60511. Let u(a) be the third derivative of -a**6/120 - a**5/12 + 7*a**4/24 + 4*a**3/3 - a**2. Determine u(z).
2
Let u(g) = 11*g + 2. Let n(k) = -72*k + 144. Let i be n(2). Determine u(i).
2
Let r(i) = -i + 4. Suppose 4*z - 63 = 3*w, -4*w - 73 + 89 = 3*z. Calculate r(z).
-8
Let a(z) be the third derivative of -1/3*z**3 + 0*z + 0 - 1/60*z**5 + 5/24*z**4 + 8*z**2. Let l(n) = -n**3 + 11*n**2 + 12*n + 5. Let i be l(12). Calculate a(i).
-2
Let c(j) = 3*j - 33. Let r be c(11). Let n be (r - (-4)/(-6)) + 6/9. Let f(g) = -g**2 - 5*g - 5 + 5 + n*g**2 - 4. What is f(-3)?
2
Let l(k) = -k**2 + 7*k - 1. Let v(a) = -a**3 + 13*a**2 + 7*a - 10. Let c(x) = l(x) - v(x). What is c(14)?
9
Let z(d) = d**2 + 9*d - 19. Let o be ((-2)/(-3))/(36/(-594)). Determine z(o).
3
Let d(p) = p**3 - 12*p**2 - 7*p - 18. Let f(j) = -13*j**3 + 713*j**2 + 109*j + 68. Let l be f(55). Calculate d(l).
60
Let q(r) be the first derivative of r**3/3 - 21*r**2/2 + 5*r + 9637. Give q(0).
5
Suppose 0 = 29*h - 27*h - 10. Suppose h*x - 2*i + 4*i = 12, -i = 4. Let s(m) = -m**2 + 2*m + 2. Determine s(x).
-6
Let f(a) = -a**2 - 10*a + 3. Suppose 3*c - 59 = 181. Suppose -c = 8*t - 0. Calculate f(t).
3
Let b(v) be the first derivative of v**3/6 - 7*v**2 + v - 2. Let g(o) be the first derivative of b(o). Let h(f) = 489*f - 29332. Let s be h(60). Give g(s).
-6
Let k(m) = -m**2 + 16*m + 4. Suppose -2*r + 167 = -h + 136, -2*r + 76 = 4*h. Calculate k(r).
-76
Let w = 237 - 234. Let l(s) = 50*s**w + 3 + 38*s**3 - 2*s**2 - 2*s - 87*s**3. Determine l(3).
6
Let h(m) = m - 37. Let k(w) = -552*w + 7206. Let g be k(13). Determine h(g).
-7
Suppose -4*x = -3*q + 25, x + 2*q = -0*x + 2. Let k be (-5)/(-1) - (-1 - -5). Let d(p) = 0 - k - 3*p + 0*p + p. Determine d(x).
7
Let y(x) = x**3 + x**2 - 5*x - 4. Let v(n) = -3*n**3 - 2*n**2 + 14*n + 13. Let a(p) = 6*v(p) + 17*y(p). Suppose 95 = 2*d - 5*c, 3*c - 13 + 59 = -d. Give a(d).
5
Suppose -7*j + 730 - 702 = 0. Let l(w) = -w**2 + 3*w + 2. Give l(j).
-2
Let g(a) be the first derivative of a**3/3 - 4*a**2 - 7*a - 9. Let q be g(9). Let t(u) = 2*u**3 - 8*u - 4 - 5*u**q + 9*u**2 - u**3. Give t(-5).
11
Let p = 68 - 82. Let a(r) = 18 - 62 + 12*r + 24 - r**3 - 13*r**2. Give a(p).
8
Let v = -20 - -22. Let x(c) = -6*c**3 + 9*c**2 - 4*c + 3. Let l(k) = k**3 - k**2. Suppose -14 = -i - 15. Let t(b) = i*x(b) - 5*l(b). Give t(v).
-3
Suppose 3*c = 2*o + 25, 2*c - o + 15 = 6*c. Let j(x) = -c*x + 10*x + 5*x + 6*x. What is j(1)?
16
Suppose 5*y = -3*q + 229, 5*q = -2*y - y + 355. Let m be 629/q - 2/8. Let i(k) be the second derivative of -k**4/12 + 4*k**3/3 + 5*k**2 - 8*k. What is i(m)?
1
Suppose 5*z - 3*a = -8*a - 25, 7*z = 5*a - 59. Let b(v) = v**2 + 4*v - 16. What is b(z)?
5
Let n = -267 + 270. Suppose -m = -n*d - 5, 0 = -5*m + 2*d + 2 + 23. Let s(o) = -3*o + 8. Determine s(m).
-7
Let m(s) be the second derivative of -s**5/10 + 9*s**4/4 - 3*s**3 + 4*s**2 + 2751*s. Give m(13).
-57
Let t(g) be the third derivative of -7*g**6/60 + g**3/3 - 61*g**2 - 10*g. What is t(1)?
-12
Let t(m) be the third derivative of -m**4/24 + m**3/6 + 5*m**2. Suppose 31 - 199 = -21*c. Calculate t(c).
-7
Let t(c) be the third derivative of -c**6/120 + c**5/10 - c**4/24 - 7*c**3/6 + 24*c**2. Suppose 3*q + 45 = 8*q. Let v be ((-12)/q)/(58/(-18) + 3). What is t(v)?
-13
Let h be 0*(-3 - 4 - -6). Suppose h = -4*u + 11*u - 21. Let c(j) = j - 7. Determine c(u).
-4
Let k(i) = -24*i**2 + 10*i - 28. Let h(t) = -5*t**2 - 6 + 12*t + 14*t + 10*t - 34*t. Let v(l) = -14*h(l) + 3*k(l). Let z be 0 + 2*-1 - 0. What is v(z)?
-12
Let d(a) be the first derivative of 2*a**2 + 20*a + 292. Determine d(-5).
0
Let k(u) = -u**2 - 6*u - 30. Let w(m) = -6*m**2 - 30*m - 167. Let y(v) = -11*k(v) + 2*w(v). Determine y(1).
1
Let o(l) be the third derivative of -61*l**2 - 1/8*l**4 + 0*l - 1/10*l**5 + 0 + 0*l**3 - 1/120*l**6. What is o(-5)?
-10
Let c(z) = -2*z**2 + 8*z**2 + 252 - z - 250 + 3*z + z. Determine c(-2).
20
Let p = 340 + -333. Let q(n) = -n**2 + 5*n - 5. Give q(p).
-19
Let w(a) = a**2 + 18*a + 40. Let n be w(-15). Let d(h) = h**2 + 3*h - 7. Let v be d(n). Let p(f) = -2*f**2 + 2*f + 1. Calculate p(v).
-11
Let d(a) = -a**3 - 31*a**2 + 34*a + 49. Let l = 17156 - 17188. Calculate d(l).
-15
Let j(t) = t**3 - 4*t**2 + t + 5. Let k(r) = 3*r - 20. Let x(n) = -n - 9. Suppose 68 = -6*u - 34. Let o be x(u). Let b be k(o). What is j(b)?
9
Suppose -190*d = -180*d + 170. Let i(s) = s**3 + 18*s**2 + 16*s - 24. Determine i(d).
-7
Let x be (-14)/(-7) + (3 - -1). Suppose 0 = -q + x*q - 35. Let c(f) = 19*f - q*f - 3*f + 4 - 10*f. What is c(0)?
4
Let g(s) be the first derivative of -s**2 + 6*s + 1912. Suppose -3*b + 2*c - c = -14, -4*c - 8 = 0. What is g(b)?
-2
Suppose -19*d - 2*u = -24*d + 118, 4*u = 5*d - 116. Suppose 17*c + d = -7*c. Let q(v) = -18*v - 2. Calculate q(c).
16
Let f(b) = b**2 - 6*b - 4. Let c = 3396 + -3398. Give f(c).
12
Let o(l) = -l**3 + 2*l**2 - 2*l - 2. Let j(b) = 160*b**2 + 799*b - 2. Let s be j(-5). What is o(s)?
-17
Let b(v) = 23*v - 3. Let r be (2743/(-422))/(13/(-6)). Calculate b(r).
66
Let w(i) = -10*i**2 + 10*i**3 - 164*i + 3 + 326*i - 164*i - 9*i**3. Let r = 28 + -18. What is w(r)?
-17
Let g(k) be the first derivative of k**4/4 + 4*k**3 + 14*k - 126. Suppose 0 = -2*t - r - 22 + 2, -2*t = 4*r + 8. What is g(t)?
14
Let m(d) = -22 - 15*d - d**2 - 5*d**2 + d**2 + 4*d**2. Let c be m(-13). Let f(l) be the second derivative of -l**3 + 3*l**2/2 + l. What is f(c)?
-21
Let v(d) = -2*d**2 - 17*d - 15. Suppose 79*r = 83*r + 5*j + 34, 4*j + 32 = -4*r. Determine v(r).
15
Let k(g) = g**3 + 13*g**2 + 35*g - 5. Let d be k(-9). Let c(v) = -3*v**2 - 9*v + 37. Give c(d).
-47
Let h(u) = -29*u - 29. Let r be (-437)/247 + (-4)/((-468)/(-27)). What is h(r)?
29
Let o(l) = 6*l + 95. Suppose 0 = -4*r + 3*i - 29, 2*i = -5*r + 96 - 161. Give o(r).
29
Let t(s) = s**3 - 2*s**2 - 79*s + 161. Let d = -10857 + 10859. Calculate t(d).
3
Let p(y) = -3*y**2 + 28*y - 5. Let i(s) = 4*s**2 - 41*s + 7. Suppose -7*w - 14*w = -147. Let h(f) = w*p(f) + 5*i(f). Determine h(-8).
8
Let o be 0 + (-1 + -7 - 5). Let s(r) = -7*r**2 + 5*r - 5. Let f(z) = -15*z**2 + 12*z - 10. Let b(j) = o*s(j) + 6*f(j). Determine b(-4).
-7
Let b(l) = -l**2 - 10*l + l - 4 + 0. Suppose -156*n = -133*n + 207. Let f be b(n). Let t(v) = -4*v. Give t(f).
16
Let j(d) be the third derivative of d**5/30 - d**4/8 - 5*d**3/3 - 504*d**2. Give j(0).
-10
Let p(q) = q**2 - 6*q + 7.